80520
In base 16, what is 0 - 3bcf825?
-3bcf825
In base 3, what is 112212210020022 + 10?
112212210020102
In base 13, what is ba555 + 49?
ba5a1
In base 7, what is -54 + -155641556?
-155641643
In base 7, what is -1130016 - 1150?
-1131166
In base 11, what is -301785a8 + a?
-30178599
In base 16, what is -135996 - -b?
-13598b
In base 7, what is -55221 - -216?
-55002
In base 5, what is -113331230434 - -3?
-113331230431
In base 3, what is 10110112001001002 + 0?
10110112001001002
In base 12, what is -89b3 - -174?
-883b
In base 4, what is -113232 - -12313311?
12200013
In base 8, what is 0 - -517037321?
517037321
In base 3, what is 2122 - 212102220001?
-212102210102
In base 15, what is 21 - 8474a?
-84729
In base 14, what is 43617 - 59?
4359c
In base 11, what is -76605 + -99?
-766a3
In base 14, what is -a4 - 28dc22?
-28dcc6
In base 3, what is 122021021212000121 + 0?
122021021212000121
In base 2, what is 101010 - -10100000100011111000?
10100000100100100010
In base 12, what is 148ba + 3134?
17a32
In base 15, what is -4ea2ec - 0?
-4ea2ec
In base 10, what is -12539954 + 5?
-12539949
In base 8, what is 1072150 + 4615?
1076765
In base 13, what is c15c - -7231?
16390
In base 5, what is 441 + 1020414?
1021410
In base 6, what is 30402105 - 42?
30402023
In base 10, what is 2368 - 24054?
-21686
In base 9, what is 12214 + 58102?
71316
In base 4, what is -10 - -1020220021011?
1020220021001
In base 9, what is -167120 - -72?
-167037
In base 2, what is -101 - -11110110101000011111011?
11110110101000011110110
In base 11, what is -7 - -6a86687?
6a86680
In base 16, what is -106481 + f4?
-10638d
In base 7, what is 2563044 + -61?
2562653
In base 3, what is 2010121 - 100221201?
-21211010
In base 6, what is 31 - -3245153545?
3245154020
In base 3, what is 11110211222112020 + 0?
11110211222112020
In base 6, what is -132113211 - 435?
-132114050
In base 3, what is 1011121 - -202102?
1221000
In base 3, what is -122222 - -2221212221?
2221012222
In base 2, what is -100011010111001110000100110 - 1?
-100011010111001110000100111
In base 13, what is -15b - -2326b4?
232556
In base 13, what is -5 - 207512a3?
-207512a8
In base 9, what is 2 + 388648228?
388648231
In base 4, what is -311 - 111303231?
-111310202
In base 4, what is -23223132 - 13?
-23223211
In base 6, what is 15324040 - -45?
15324125
In base 14, what is 3 + -2b6c706?
-2b6c703
In base 12, what is -849a06a + -1?
-849a06b
In base 7, what is 635 - 62352?
-61414
In base 4, what is 3130130302 + -100?
3130130202
In base 8, what is -702131 - -3012?
-677117
In base 8, what is -2525 - -1207124?
1204377
In base 5, what is -10 + -13144402130?
-13144402140
In base 7, what is -1336 + 50034?
45365
In base 15, what is 3093 + c79?
3d1c
In base 5, what is -30021424003 + 11?
-30021423442
In base 7, what is -2232 + -263364?
-265626
In base 13, what is -764c - c04?
-8553
In base 9, what is -6855654 + -2?
-6855656
In base 7, what is -201616613 + -2?
-201616615
In base 14, what is a27 + -469a5?
-45d7c
In base 13, what is 2800b + bb?
280c9
In base 13, what is -1 + -25200621?
-25200622
In base 9, what is 4 + -2268638?
-2268634
In base 4, what is 302200033221 - 10?
302200033211
In base 11, what is -70 + -50097?
-50157
In base 9, what is -31137884 - 63?
-31138057
In base 16, what is -23 - 5e5c4?
-5e5e7
In base 5, what is 40340003102 + -1?
40340003101
In base 8, what is 460 - 164373?
-163713
In base 4, what is -11332020 - -203122?
-11122232
In base 16, what is 51 - -a0fe?
a14f
In base 15, what is 0 - 78c5b9?
-78c5b9
In base 3, what is -200000220 - 102211?
-200110201
In base 7, what is 53602 - -41?
53643
In base 9, what is 3 + 16242137?
16242141
In base 3, what is 1202200202222002 - 2?
1202200202222000
In base 8, what is -20 - 507132?
-507152
In base 8, what is 7577133 - -7?
7577142
In base 9, what is -215004 - 1538?
-216543
In base 3, what is 21220 + -102110202?
-102011212
In base 15, what is 139102d + 15?
1391043
In base 16, what is 66a3d7 - 1?
66a3d6
In base 16, what is 5ebf - 36b?
5b54
In base 12, what is a22 + -67817?
-669b5
In base 6, what is -5324252 - 4?
-5324300
In base 12, what is -130262 - 16?
-130278
In base 10, what is 3649 - -598?
4247
In base 14, what is 53 + -522c62?
-522c0d
In base 5, what is 1 - 3130421122?
-3130421121
In base 10, what is 2 - 1451224?
-1451222
In base 2, what is -1101000000010 - -10010011110?
-1010101100100
In base 3, what is 1 + -110012122021200100?
-110012122021200022
In base 15, what is 5e4c48d - -5?
5e4c493
In base 7, what is -12560350 + -2?
-12560352
In base 13, what is -12 - -c0027?
c0015
In base 15, what is -5 + 243173?
24316d
In base 12, what is -461963 + -6?
-461969
In base 4, what is -303002 + -20021?
-323023
In base 13, what is 5 - 11ac0455?
-11ac0450
In base 8, what is -11552 + -67313?
-101065
In base 10, what is -60 - 3184?
-3244
In base 10, what is -88 - 54829?
-54917
In base 8, what is -200 - -3371601?
3371401
In base 8, what is -43 - 272774?
-273037
In base 12, what is -7 - -3412149?
3412142
In base 10, what is 5 - -14079746?
14079751
In base 6, what is 33321253 + -303?
33320550
In base 8, what is 332 - -427404?
427736
In base 16, what is -607 - 2308?
-290f
In base 6, what is -51121 - -251?
-50430
In base 5, what is -230410 - -13030?
-212330
In base 12, what is -a0a - 405?
-1213
In base 9, what is 167 - -202145?
202323
In base 8, what is 4112 - 5146?
-1034
In base 7, what is 13533 + -331?
13202
In base 13, what is 323b - 506?
2a35
In base 3, what is 101 + -111012110022?
-111012102221
In base 8, what is 251 + 213076?
213347
In base 2, what is -1110011010 + -1011001001000011?
-1011010111011101
In base 14, what is -10d2 - a1c2?
-b2b4
In base 6, what is 504041312 + 5?
504041321
In base 10, what is -229425 - 93?
-229518
In base 5, what is -2 + 332231414?
332231412
In base 10, what is -6570 + 1783?
-4787
In base 11, what is -14 - -32386a3?
323868a
In base 13, what is -654736b + -6?
-6547374
In base 11, what is 84 - -26a9696?
26a976a
In base 16, what is -14 + 6bd03?
6bcef
In base 16, what is -459 - 330?
-789
In base 16, what is -435 + b14?
6df
In base 8, what is -63 - 24013043?
-24013126
In base 3, what is 10121000021 - 1112101?
10112110220
In base 12, what is -a4 + 201ab2?
201a0a
In base 7, what is 2035 - 24300?
-22232
In base 15, what is 1 - -4881d7?
4881d8
In base 6, what is 124 + -340?
-212
In base 7, what is -3 - -412643?
412640
In base 11, what is 280 + -4593?
-4313
In base 7, what is 1 + -13141502?
-13141501
In base 16, what is 283e5d + -1?
283e5c
In base 5, what is 4 + -141233443233?
-141233443224
In base 8, what is -24231155 + 3?
-24231152
In base 6, what is -31 + 424304212?
424304141
In base 11, what is 2129560 + 5?
2129565
In base 11, what is 14455413 + -4?
1445540a
In base 5, what is -31242 + -32104334?
-32141131
In base 10, what is 182 + 15198?
15380
In base 4, what is -1110 - -23022323?
23021213
In base 6, what is -15522540243 - 1?
-15522540244
In base 8, what is -320561 - 3?
-320564
In base 9, what is 0 + 11078786?
11078786
In base 2, what is -11 - 1011100000011100100010?
-1011100000011100100101
In base 5, what is 1302143 - 312013?
440130
In base 7, what is -10656461 + 3?
-10656455
In base 6, what is -2 + -1055510033?
-1055510035
In base 7, what is -655405 - -164?
-655211
In base 8, what is 14154170 - 6?
14154162
In base 4, what is -22002 - -201?
-21201
In base 13, what is -289 - -99280?
98cc4
In base 15, what is -1b96 + -5349?
-6ee0
In base 2, what is 111111 + 100001011100001011?
100001011101001010
In base 13, what is 1005919b - -1?
1005919c
In base 10, what is 40127013 - -4?
40127017
In base 6, what is -143 + -3245354?
-3245541
In base 16, what is 4 - -1484f9?
1484fd
In base 3, what is -1010200001222 + -2222011?
-1010210001010
In base 8, what is -1371 - 255104?
-256475
In base 13, what is 13453c + -13?
134529
In base 7, what is -10 - -2311131266?
2311131256
In base 13, what is -23364763 + -4?
-23364767
In base 11, what is 25 - 275341?
-275317
In base 2, what is -1100001011111 + 11110101111000?
10010100011001
In base 2, what is -101 - -10010010110010000111?
10010010110010000010
In base 15, what is 52 + 6407?
6459
In base 11, what is -696 - -14a880?
14a195
In base 9, what is 256455755 - -5?
256455761
In base 16, what is f + -357ee65?
-357ee56
In base 15, what is -22089 - 25?
-220ae
In base 9, 